*w + 4. What is the units digit of f(2)?
8
Suppose -3*v + 17 = 5*j - 2*v, -3*v + 11 = 5*j. Suppose -2*u + 16 = h - 10, -120 = -4*h - j*u. What is the units digit of h?
4
Suppose -y - 4*y - 235 = 0. Let i be (-4)/6 + y/(-3). Suppose -c = 2*c - i. What is the units digit of c?
5
Suppose -3*s - 55 + 15 = 5*l, -5*s = -3*l + 44. Let n be (-4140)/(-63) + 4/14. What is the units digit of s/(-35) + n/14?
5
Suppose -136 = -2*d + d - 3*b, -5*d + 680 = -b. What is the units digit of d?
6
Suppose 4*l = 11*l - 462. What is the units digit of l?
6
What is the units digit of (14/10)/(4/20)?
7
Let g = 403 - 195. What is the units digit of g?
8
Let k be (-2)/(-4) + 5460/24. Suppose 5*i = -18 + k. What is the tens digit of i?
4
Let q(w) = -1 + 13*w - 7 + 4. What is the units digit of q(2)?
2
Let t = 5 - 4. Let j be (t - 2) + 10 + -3. What is the units digit of 2*((-3)/j + 1)?
1
Suppose -2*m - 31 - 241 = -4*h, 3*h = 2*m + 205. What is the units digit of h?
7
Suppose 4*u = u + 6. Let n(g) = 2*g**3 + 4*g**2 - 2*g - 2. What is the units digit of n(u)?
6
Suppose -z - 15 = 2*z. Let i = -8 - z. Let d(b) = -b**3 - 2*b**2 + 3*b + 4. What is the units digit of d(i)?
4
Suppose 8*j - 3*j = 4*q - 31, -30 = 4*j + 2*q. Let f(u) = -u**2 - 7*u + 2. Let r be f(j). What is the units digit of ((-10)/4)/(r/(-4))?
5
Suppose -3*b = -0*b - 60. Suppose 4*q = b + 72. What is the units digit of q?
3
Let n(m) = 13*m + 4*m**2 + 1 - 13*m. What is the units digit of n(1)?
5
Let i(z) = 4*z - 4. Let k be i(3). Let y = k + -6. Suppose 4 = -y*u + 3*u. What is the units digit of u?
4
Let o be (-138)/(-6)*(-223 + 2). What is the tens digit of (-3)/8 - o/136?
3
What is the units digit of (-2838)/(-18) + 2/(-3)?
7
Let h(g) = 11 + g - 6 + 8. Let z(s) = -s**2 + 2*s + 1. Let c be z(4). What is the units digit of h(c)?
6
Let h(b) = -6*b**3 - b**2. Let l be h(1). Let g = 4 - l. What is the tens digit of g?
1
What is the units digit of 437/5 - (-2)/(-5)?
7
What is the units digit of (-1157)/(-65) - 1/(-5)?
8
Let h(d) = 9*d**3 + 2*d - 1. Let f(j) = -j**2 - 3*j + 5. Suppose 5 = -a + 1. Let v be f(a). What is the tens digit of h(v)?
1
Let w(r) = 2*r**2 + 6*r - 4. Let a be w(-5). Suppose -68 - a = -4*p. Suppose 2*g + k - p = 0, -3*g - k = -11 - 19. What is the units digit of g?
9
Let g(i) be the second derivative of -i**5/20 - i**4/3 - i**3/6 + 2*i**2 + i. What is the units digit of g(-4)?
8
What is the tens digit of 26/((2*-4)/(-4))?
1
Suppose -105 - 115 = -5*y. What is the tens digit of y?
4
Let l = 5 - 17. What is the tens digit of -1 - (-100)/(l/(-3))?
2
Let m be (-144)/(0 + -4) - 3. Let j = m - 19. What is the tens digit of j?
1
Let w = 235 - -151. What is the tens digit of w?
8
Let x = -9 - -24. What is the units digit of x?
5
Let g = 179 - 92. What is the tens digit of g?
8
Let q(p) = -p**2 + 8*p + 14. Let f be q(9). Suppose 4 = f*m - 71. What is the units digit of m?
5
Let j(i) = i - 5. Let y be j(6). Let s be (-14)/(0 + (3 - 5)). Let d = s - y. What is the units digit of d?
6
Suppose 7*r - 5*r = 302. Suppose -5*m - 51 + r = 0. What is the tens digit of m?
2
Let t(w) be the first derivative of 6*w - 1 - 1/3*w**3 + 2*w**2. What is the units digit of t(5)?
1
Suppose 12*p + 1153 = 3793. What is the tens digit of p?
2
Suppose 4 + 0 = -p, 0 = -5*w - 5*p + 230. Suppose 0 = 3*x + 2*x - w. What is the tens digit of x?
1
Suppose -2*o + 35 = -c, -2 = -5*o - 3*c + 69. What is the units digit of o?
6
Let d = 3 - -38. What is the units digit of d?
1
Let s be 4/(-6) - (-172)/6. Let n be -2 + (0 - 15) + -3. Let u = s + n. What is the units digit of u?
8
Let q = -35 - -21. Let l = 6 - q. What is the tens digit of l?
2
Let s be 1*(0 - (-1 - 1)). Let m = s - 1. What is the units digit of m?
1
Let c(s) = 2*s**2 + 5*s + 13. Let b(d) = d - 1. Let m(y) = 5*b(y) + c(y). What is the units digit of m(-7)?
6
Suppose 0*k - 6 = -2*k. Suppose 57 - 20 = k*m + 5*b, 2*m = -4*b + 26. What is the units digit of m?
9
Suppose 3*o - 1519 = -4*o. What is the hundreds digit of o?
2
Let i(u) = -u**3 - u**2 + u. Let b(j) = 3*j**3 + 12*j**2 - 10*j + 2. Let g(y) = b(y) + 4*i(y). Let t be g(7). What is the units digit of ((-12)/t)/(3/(-18))?
8
Let v be (76/16)/(2/40). Suppose 2*r - 7*r + v = 0. What is the units digit of r?
9
Suppose o + 4*j + 6 = 0, -1 - 2 = -o + 5*j. What is the tens digit of (-6)/o - (-3 - 13)?
1
Suppose 5 = -5*v + 20. Suppose l + 321 = 3*j, j + v*l - 39 - 58 = 0. What is the tens digit of 4/18 + j/9?
1
Let l be 206/(-4) + 3/6. What is the tens digit of (-1)/(1 - (-54)/l)?
1
Let g = -32 + 44. What is the tens digit of g?
1
Let a = -11 + 29. Suppose 3*t - 17 = -p, 5*t - a + 3 = 0. What is the units digit of p?
8
Let v(d) = -2*d - 10. Let g be v(-7). Suppose -h + 45 = g*h. What is the units digit of h?
9
What is the units digit of (-45)/20*8/(-6)?
3
Let b be (-10)/(-2 + (-2 - -2)). Let r = b + -3. What is the units digit of (-4)/((-8)/11)*r?
1
Suppose -3*a = 5*p - 112 - 21, -2*a + 90 = 4*p. What is the units digit of a?
1
Suppose j = 7*h - 2*h - 369, 2*h - 3*j = 145. What is the tens digit of h?
7
Suppose -4 = -3*k + 3*a - 19, -a - 7 = 2*k. Let l = -2 - k. What is the units digit of l?
2
Let d = -10 - -6. What is the tens digit of ((-16)/20)/(d/70)?
1
Let y(m) be the first derivative of 14*m**3/3 - m + 2. What is the units digit of y(1)?
3
Let s(f) = 67*f. What is the units digit of s(1)?
7
Suppose 0 = 3*w - 2 - 7. Let l be (-1 + 10)*(-2)/w. Let m = l + 10. What is the units digit of m?
4
Let p(t) = -t**2 + 2*t - 3. Let h be p(3). Let o(a) = -a**2 - 8*a - 9. Let c be o(h). What is the units digit of ((-10 - -3) + c)*-2?
8
Let j be 8/6 - (-2)/(-6). Suppose 2*k - j - 1 = 0. Suppose -3*i + 0 = 5*d - 3, i - k = -5*d. What is the units digit of i?
1
Let u be (6/(-4))/(6/(-16)). What is the units digit of (-54)/(-2) + -6 + u?
5
Let g(j) = -j**3 + j**2 - j - 5. Let t be g(4). Let p = t + 39. What is the units digit of (-4)/(-18) - 50/p?
3
What is the tens digit of -346*3/(-12) - (-30)/(-12)?
8
Let g(m) = -12*m**2 - 4*m - 4. Let w be g(-3). Let f = w + 63. Let v = f + 54. What is the tens digit of v?
1
Suppose 3*w = 5*w - 8. Suppose 0 = w*n - 4*s - 7 + 87, -2*s = -5*n - 88. Let u = 23 + n. What is the units digit of u?
7
Let t(m) = -m**3 - m**2 + 7*m - 3. Let b be t(-6). Let h = -78 + b. What is the tens digit of h?
5
Let a = -14 - -21. What is the units digit of a?
7
Let x(h) = -h**3 + 7*h**2 - 6*h + 7. What is the units digit of x(6)?
7
Let n = 59 - 10. What is the tens digit of n?
4
Let l = 7 + 40. Suppose -g + 3*i + l = 0, 2*g + 79 = 4*g - i. What is the units digit of g?
8
Let u be 7 + (-3)/(-6)*-4. Let t = 2 - 3. Let q = t + u. What is the units digit of q?
4
Let m be 2/(-4)*10*-3. Let g = -9 + m. What is the units digit of g?
6
Suppose -101 = -2*u + 43. Suppose -2*p + 26 = -u. What is the units digit of p?
9
What is the units digit of (2 - 2)/1 + 35?
5
Suppose 0*q + 486 = 3*j - 2*q, -4*q + 148 = j. What is the units digit of j?
0
Suppose 4*t - 28 = -2*s, 3*s - 3*t - 2*t + 13 = 0. What is the units digit of s?
4
Let a(w) = w**2 + 7*w - 8. Let v be a(-8). Suppose 5*o = 25, v = -2*r - o + 16 - 5. What is the units digit of r?
3
Let v(j) = j**3 + 6*j**2 + 4*j. Let x be v(-5). Let s = 5 - x. What is the units digit of ((-4)/(-2) + s)*1?
2
Suppose -h - 4*r + 7 + 12 = 0, -4*r = -12. Suppose -2*g + h*g = 20. Suppose -5*m = 10, m - 3 = -g*q + 11. What is the units digit of q?
4
Let i be (2 + -5)/((-3)/8). Let d = i - 6. Suppose 0*z - z - 3*l - 13 = 0, -5*z - d*l = 0. What is the units digit of z?
2
Suppose 5*o = -d - 59, -31 = o - 0*d + 5*d. Let c(t) = -3*t - 14. What is the tens digit of c(o)?
1
Let z be 70/8 - (-1)/4. Suppose 2*f + z = 3. Let i = f + 8. What is the units digit of i?
5
Let y(r) = r**3 - 3*r**2 - 2*r - 5. Let d be y(4). Suppose -d*j - 1 = -46. What is the tens digit of j?
1
Suppose p - 5*p = 0. Suppose -6 = -2*x - p*x. What is the units digit of (-3)/(x/(-4)) - 0?
4
Let s = -15 - -20. Suppose -s*z - 19 - 1 = 0, 5*l = 5*z + 90. What is the units digit of l?
4
Suppose 4*i - 471 + 55 = 0. What is the hundreds digit of i?
1
Let k be (0 + 3)*6/(-9). Let z = -1 + k. What is the units digit of (z/2 + 1)*-8?
4
Suppose 4*n + k - 240 = 0, 2*k - 311 = -5*n - 2*k. Suppose -5*a = -1 - n. What is the units digit of a?
2
Let k = 